31
What is the greatest common divisor of 1684 and 71428?
4
What is the highest common divisor of 5505 and 6437180?
1835
Calculate the greatest common divisor of 884660 and 20470.
890
Calculate the greatest common divisor of 37206 and 14391.
351
Calculate the greatest common factor of 78 and 20325903.
39
Calculate the greatest common factor of 29952 and 25088.
256
What is the highest common factor of 371142 and 1084194?
522
What is the highest common divisor of 41306523 and 15?
3
What is the highest common factor of 2719956287 and 23?
23
What is the highest common divisor of 28944394 and 240086?
3118
What is the greatest common divisor of 5830 and 406779240?
530
What is the greatest common divisor of 84 and 88845162?
42
Calculate the highest common factor of 24633 and 157549149.
3519
Calculate the greatest common divisor of 190294371 and 534.
267
What is the greatest common divisor of 1 and 287748863?
1
Calculate the highest common factor of 96 and 15587552.
32
Calculate the highest common divisor of 920 and 16624768.
184
What is the greatest common divisor of 5951583 and 198?
99
What is the highest common factor of 22408 and 2220419924?
11204
Calculate the highest common divisor of 44 and 16656794.
22
Calculate the highest common divisor of 549 and 26395920.
549
Calculate the greatest common divisor of 8932 and 225.
1
Calculate the greatest common divisor of 13431366 and 8056.
2014
What is the greatest common divisor of 4645 and 582065879?
929
Calculate the highest common factor of 305748 and 151848.
2052
Calculate the greatest common divisor of 17687625 and 12609.
1401
What is the highest common factor of 233657554 and 1938?
646
What is the greatest common factor of 1442 and 1990475?
103
What is the greatest common factor of 9 and 158847?
3
What is the greatest common factor of 12748 and 7032?
4
What is the greatest common divisor of 357827 and 4921?
703
Calculate the greatest common divisor of 155 and 145085.
5
Calculate the highest common divisor of 5231472 and 18104.
584
Calculate the highest common divisor of 2366 and 395822.
14
What is the greatest common divisor of 259 and 7162610?
7
What is the highest common factor of 77145 and 104010?
15
What is the highest common divisor of 798 and 29887?
19
Calculate the highest common factor of 189 and 49716513.
63
Calculate the greatest common factor of 97704 and 52746.
354
What is the highest common factor of 731 and 12402318?
43
What is the highest common factor of 168 and 12588366?
42
Calculate the highest common factor of 2970192 and 1104.
48
What is the greatest common divisor of 2856888 and 1384?
8
Calculate the greatest common factor of 133107964 and 5872.
1468
What is the highest common divisor of 16611 and 980931?
147
Calculate the greatest common divisor of 4221 and 1745082.
603
Calculate the highest common divisor of 7283818 and 10106.
326
What is the highest common factor of 8012825 and 45?
5
What is the highest common factor of 412610 and 23450570?
3410
What is the greatest common divisor of 93654 and 26431713?
4257
What is the greatest common factor of 12065694 and 114?
6
Calculate the greatest common factor of 64 and 7396.
4
What is the greatest common factor of 5301200 and 2400?
400
Calculate the highest common factor of 2388503 and 52.
13
What is the highest common divisor of 800 and 8058168?
8
What is the greatest common divisor of 38376855 and 594?
297
What is the greatest common factor of 100751119 and 9653?
1379
Calculate the highest common divisor of 82644 and 17253.
213
Calculate the highest common factor of 3742962 and 3192.
114
Calculate the highest common factor of 271911000 and 500.
500
Calculate the highest common divisor of 788 and 37132924.
788
Calculate the highest common factor of 28651828 and 10170.
226
What is the greatest common factor of 8566113 and 2727?
303
Calculate the highest common divisor of 28038 and 7122.
6
What is the greatest common divisor of 1766238 and 24?
6
Calculate the greatest common divisor of 54 and 88671222.
18
Calculate the highest common factor of 260 and 184023320.
260
Calculate the greatest common factor of 222390 and 496755.
315
What is the highest common divisor of 5682 and 22096351?
947
What is the highest common factor of 7476510 and 1410?
30
What is the highest common divisor of 706097 and 94563?
133
What is the highest common factor of 178459695 and 180?
45
What is the greatest common factor of 5755812 and 1135?
227
Calculate the highest common divisor of 125 and 5092325.
25
Calculate the highest common factor of 245 and 151919992.
49
What is the greatest common factor of 530574385 and 11?
11
What is the highest common factor of 1437447 and 15147?
33
What is the highest common divisor of 2403 and 5667609?
267
Calculate the highest common divisor of 9856 and 1522696.
56
What is the highest common factor of 34111925 and 75?
25
Calculate the highest common factor of 80976 and 4722.
6
Calculate the greatest common factor of 156 and 35679306.
78
Calculate the highest common factor of 18684 and 1926.
18
What is the highest common divisor of 67747188 and 9288?
516
What is the highest common factor of 428719 and 3293?
37
Calculate the highest common factor of 254434975 and 347050.
15775
Calculate the greatest common divisor of 46252890 and 4280.
1070
Calculate the greatest common divisor of 5619591 and 18792.
783
Calculate the highest common factor of 268648260 and 180.
60
What is the highest common divisor of 57104 and 154712?
664
What is the highest common divisor of 252588782 and 7134?
2378
What is the greatest common factor of 185 and 67175?
5
What is the greatest common factor of 4254 and 1657482?
6
What is the greatest common divisor of 756256 and 52?
4
What is the highest common factor of 77847 and 6827283?
1011
Calculate the greatest common factor of 784 and 12064864.
112
What is the greatest common divisor of 856 and 50493407?
107
What is the greatest common factor of 3600 and 34881600?
1200
Calculate the highest common divisor of 34669113 and 7071.
7071
Calculate the greatest common factor of 166568 and 648.
8
What is the highest common divisor of 16646 and 1558?
82
Calculate the highest common factor of 2604392 and 216.
8
Calculate the greatest common divisor of 80 and 656484880.
80
What is the greatest common factor of 10709520 and 1968?
48
Calculate the highest common factor of 1262 and 158343140.
1262
What is the highest common divisor of 9075695 and 58?
29
Calculate the highest common factor of 213333 and 16541697.
2397
Calculate the greatest common divisor of 252874624 and 229.
229
What is the highest common factor of 27920 and 19925806?
698
What is the highest common factor of 60 and 1620750?
30
Calculate the greatest common divisor of 54067 and 925457.
13
What is the highest common divisor of 15481 and 193117?
113
Calculate the greatest common divisor of 590 and 3775115.
295
Calculate the highest common factor of 135 and 48769455.
15
What is the greatest common divisor of 6548 and 10717439?
1637
What is the highest common factor of 13700748 and 6156?
228
What is the highest common factor of 484845 and 51135?
15
What is the highest common divisor of 1807166 and 29602?
722
Calculate the highest common factor of 19394284 and 13.
13
Calculate the highest common divisor of 1137265 and 40.
5
What is the greatest common divisor of 1016 and 321976?
8
Calculate the greatest common divisor of 2604115 and 1025.
205
Calculate the greatest common divisor of 6 and 283862.
2
What is the highest common divisor of 2560 and 446159360?
2560
Calculate the greatest common factor of 60124059 and 675.
27
What is the highest common factor of 566 and 20802?
2
Calculate the highest common factor of 68158 and 32.
2
Calculate the greatest common divisor of 1267080 and 640.
40
What is the greatest common divisor of 11918889 and 25443?
2313
Calculate the highest common divisor of 16116 and 33820769.
1343
Calculate the highest common divisor of 281152 and 284017.
191
What is the highest common factor of 3238868 and 7373?
101
Calculate the greatest common divisor of 6940775 and 5947.
313
What is the highest common factor of 54591 and 290565?
1761
What is the highest common factor of 6469869 and 2226?
1113
What is the highest common factor of 2266